 + y + 73, -67 = -r + y. What are the prime factors of r?
5, 13
Let q(o) = 47*o**2 + 3*o - 2. Let y(p) = -45*p**2 - 3*p + 2. Let w(r) = -5*q(r) - 6*y(r). Let i = -2 - -3. What are the prime factors of w(i)?
2, 3
Suppose 0 = 7*l - 0*l + 161. Let d = 25 + l. What are the prime factors of d/(-1 - 284/(-276))?
3, 23
Suppose -7*k - 14744 = -26*k. What are the prime factors of k?
2, 97
Let n(w) = w**3 - 8*w**2 + 8*w - 2. Let p be n(7). Let b be 65/30 + 2/(-12). Suppose 4*l + 108 = p*q - 32, 0 = 4*q + b*l - 86. List the prime factors of q.
2, 3
Suppose -5*q + 4*u = -51, 4*q - 49 = -5*u - 0*u. List the prime factors of 66/2 - 11/q.
2
Let s = 299 - -3998. What are the prime factors of s?
4297
Let m be 6*(1 + 0 + 6/(-3)). What are the prime factors of 0 - (80/m)/((-8)/(-48))?
2, 5
Suppose -2*n + 8109 = -g + 1272, 0 = 5*n - 2*g - 17092. List the prime factors of n.
2, 1709
Let n be -4 + (-4 - (2 + 0)). What are the prime factors of (-152)/n - 3*(-3)/(-45)?
3, 5
Suppose 28*d = -6*d + 137360. What are the prime factors of d?
2, 5, 101
List the prime factors of 8/(-18) + 314860/252.
1249
Let t(y) = -4*y + 6. Let l(s) = -3*s + 7. Suppose -4*p + 22 = -0*p + 2*q, -4*p + 2*q + 2 = 0. Let r(m) = p*l(m) - 4*t(m). List the prime factors of r(4).
5
Let m = 295 + -287. Let v(d) = 6*d + 2. Let k be v(5). Suppose m*r = 6*r + k. What are the prime factors of r?
2
Let q be (-3)/((-6)/4) - (17 + 13). Let m(v) = v**3 + 28*v**2 - 6*v + 12. What are the prime factors of m(q)?
2, 3, 5
List the prime factors of 6/(5*(-12)/(-6680)).
2, 167
Let q(f) = f**3 + 6*f**2 - 40*f - 43. What are the prime factors of q(10)?
13, 89
Let b be 31 - (-12)/(8/2). Let x = b - 23. What are the prime factors of x?
11
Let i be (56/6 + 4)*6. Suppose 3*z = -d + i, -3*d + 73 + 183 = 5*z. What are the prime factors of d?
2, 23
Let s = 31 + 13. Suppose -4*j = -0*j + s. What are the prime factors of j/(4 - (-68)/(-16))?
2, 11
What are the prime factors of ((-675)/400)/((-3)/548)*4?
3, 137
Let n be (-9 + -1)*2/4. Let c(k) = -9*k - 6. Let j be c(n). Suppose -3*w = 3*q - 30, 11 - j = -3*w - 4*q. What are the prime factors of w?
2, 3
Suppose 0*o - 2*o - 10 = -4*v, 25 = 4*v - 5*o. Suppose -2*x - 5*i = -v*x - 241, 3*i + 9 = 0. List the prime factors of x.
2
Let k(u) = 9*u**2 + 22*u + 43. Let r(q) = -5*q**2 - 11*q - 22. Let a(v) = 6*k(v) + 11*r(v). Suppose -18 = 2*c - 40. What are the prime factors of a(c)?
2
Let a = -33 + 39. What are the prime factors of (4/a)/(4/72)?
2, 3
Let w(j) = 231*j + 125. List the prime factors of w(10).
5, 487
Let r = -262 - -380. What are the prime factors of r?
2, 59
Let r(o) = 26*o - 41. Let c(i) = 27*i - 40. Let q(x) = 4*c(x) - 5*r(x). What are the prime factors of q(-13)?
331
Suppose -315 = -2*z + 3*z. What are the prime factors of z/(-54) - 2/(-12)?
2, 3
Let y = 209 - 12. Let m = y - 47. List the prime factors of m.
2, 3, 5
Let u(k) = -436*k - 40. List the prime factors of u(-4).
2, 3, 71
Suppose -250 = 3*s + s + 2*l, 107 = -2*s + 5*l. Let j = 58 - s. Let r = j + -65. What are the prime factors of r?
2, 3
Suppose -72*y + 52*y = -25640. What are the prime factors of y?
2, 641
What are the prime factors of (0 + 110 + 3)/(1/5)?
5, 113
Let w(z) = 4*z + 4. Let h = -7 - -11. Suppose 3*o - h*u - 11 = -0*o, o = 3*u + 2. What are the prime factors of w(o)?
2, 3
Let u be (-6 - 4 - -6)*(-15)/2. Suppose 0 = z - 2*z + 3*b + u, z = 4*b + 34. List the prime factors of z.
2, 3
Let d = 16 - -71. Suppose -2*s + d + 119 = 0. List the prime factors of s.
103
List the prime factors of -11 + 459120/132 + (-2)/11.
3467
Let y = 10 + 2. Let w = 16 - y. Suppose 3*v - v = 3*p - 74, -3*p - w*v = -86. What are the prime factors of p?
2, 13
Let i be 4 + 12/(-3) - -3. Suppose 0 = 8*n - i*n - 40. What are the prime factors of n?
2
Let n = 0 - -13. What are the prime factors of 830/n + 30/195?
2
List the prime factors of 209814/60 - 9/(-90).
13, 269
Let y be 1*(-4)/8*-40. Suppose -4*l = -0*l - y. Let m(k) = -k**2 + 11*k - 2. What are the prime factors of m(l)?
2, 7
Suppose b + 5*v = 1667, 5*b + 80*v - 8415 = 75*v. What are the prime factors of b?
7, 241
Let v be (-1)/2 + (-330)/(-4). Let f = -23 + v. What are the prime factors of f?
59
Let s(t) = -t**2 + t + 21. Let u be s(0). Let w = 40 + u. Let h = w - 34. What are the prime factors of h?
3
Suppose -5*z = x - 2*x - 261, 0 = z + 2*x - 61. List the prime factors of z.
53
Let b = 7 + -4. Suppose -5*u + b = -17. Suppose -16 = -u*o - 0*o. List the prime factors of o.
2
Let y be (-12)/20 - 4578/(-5). Suppose -n + 3 = -y. What are the prime factors of n/30 - (-4)/10?
31
Let z(x) = x**3 + 13*x**2 - 11*x - 2. List the prime factors of z(-13).
3, 47
List the prime factors of 5 + -10 + (-3370)/(-5).
3, 223
Let m(x) = -2*x**3 + 53*x**2 - 17*x + 65. List the prime factors of m(26).
13, 23
Suppose 3*n + 9 = 2*t - 1, 2*t - 5*n = 14. Suppose 5*z - t*z = 783. What are the prime factors of z?
3, 29
Let y(t) = -18*t + 228. List the prime factors of y(-24).
2, 3, 5, 11
Suppose 0 = 3*q + 3*i - 891, -3*q - 5*i = -498 - 391. List the prime factors of q.
2, 149
Suppose 0 = -m, -3*k + 5*k - 5*m = 918. Suppose 0 = -5*j + k - 99. What are the prime factors of j?
2, 3
Let y(h) = -396*h + 678. List the prime factors of y(-6).
2, 3, 509
Suppose 337*c + 14696 = 345*c. List the prime factors of c.
11, 167
Suppose 0 = 7*h - 15*h + 40. Let x(k) = -k**3 + 36. Let g be x(0). Suppose y - 4*r - 24 = 0, 5*r - 6*r + g = h*y. List the prime factors of y.
2
Suppose -3*z - 2*z = -4*h + 44, 0 = h - 4*z. Suppose 114 = 3*b - 3*k, h = k - 5*k. List the prime factors of b.
2, 17
Let w(f) = -6*f**2 - f - 1. Let x(r) = r**2 - r. Let o(l) = -w(l) + 2*x(l). What are the prime factors of o(3)?
2, 5, 7
Let c(u) = 24*u**2 + 3*u. Let r(i) = 2*i - 8. Let y be r(5). What are the prime factors of c(y)?
2, 3, 17
Let y = -758 + 822. What are the prime factors of y?
2
List the prime factors of ((-12)/10)/((-2)/4020).
2, 3, 67
Let x(v) = v + 3 - 4*v + v**2 + v. Suppose -65*j + 67*j - 12 = 0. What are the prime factors of x(j)?
3
Suppose 2*w = 45 + 39. Suppose 5*r = 2*r + w. Let f(l) = -l**3 + 14*l**2 + l + 15. What are the prime factors of f(r)?
29
Suppose -5*c = -3*g - 8406, -2*c = -19*g + 14*g - 3351. List the prime factors of c.
3, 11, 17
Let o be (1 - (0 - -2)) + 5. Suppose -5*v = -o*v - 76. Suppose -2*y + 5*s + v = 0, -2*y + 6*y + 2*s = 152. List the prime factors of y.
2, 19
Let n = 332 + 791. What are the prime factors of n?
1123
Let a = 26 + 46. Let s be ((-4)/6)/((-16)/a). Suppose -2*p + 38 = -s*x - 20, 5*p + 2*x - 107 = 0. List the prime factors of p.
23
List the prime factors of (-6)/2 - (-3420 + 24).
3, 13, 29
Let u = 32 - -25. Let y = -38 + u. List the prime factors of y.
19
Suppose -43*i = 11*i - 201636. What are the prime factors of i?
2, 1867
Suppose -o = -b - 460, -2312 = -4*o - o - b. List the prime factors of o.
2, 3, 7, 11
Suppose 15*h - 28708 + 4468 = 0. What are the prime factors of h?
2, 101
Let x(g) = 2*g**3 - 3*g**2 - 2*g - 5. Let i = -26 - -29. What are the prime factors of x(i)?
2
Let o(x) = -36*x + 99. What are the prime factors of o(-9)?
3, 47
Let l be 3/(9/(-10))*81/6. What are the prime factors of -8*(1 + l/12)?
2, 11
Let l(h) = 2*h**3 + 28*h**2 + 7*h + 19. List the prime factors of l(-13).
2, 7, 19
Let f(p) = -p**2 + 11*p - 7. Suppose -3*x + 55 = 2*q - 213, 348 = 4*x - 2*q. Let l be 688/x + (-4)/(-22). List the prime factors of f(l).
17
Suppose 0*s - 92 = -4*s. Let l = 5 - s. Let w = l + 38. What are the prime factors of w?
2, 5
Suppose 6*v - 103 = 3*v + 5*b, 130 = 4*v - 3*b. Let q = 36 - v. Suppose -5*n + 61 + 31 = 3*c, 2*c - q*n = 103. What are the prime factors of c?
3, 13
Suppose -6 = -6*v + 4*v. Let t(w) = -6 + 4*w**3 - w - 2*w**v - w**2 + 7. List the prime factors of t(2).
11
Suppose -60*j - 4914 = -67*j. List the prime factors of j.
2, 3, 13
Let q(s) = -s**3 + 20*s**2 + 22*s + 16. List the prime factors of q(20).
2, 3, 19
Let d(g) = g**2 + 4 + 3 - 7 + 5. Let a be d(-6). Suppose -3*h + 4*v + a + 17 = 0, 0 = -5*h + 3*v + 82. List the prime factors of h.
2, 7
Suppose 9*t = 2170 + 1880. Suppose -5 = -j, -h - 4*h + t = -3*j. What are the prime factors of h?
3, 31
Let l(v) = v**2 - v - 10. Let s be l(0). Let f = s + 13. Suppose -3*i + z + 3*z + 39 = 0, f = -i - 4*z. What are the pr